{"id":6050,"date":"2026-02-18T23:47:09","date_gmt":"2026-02-18T23:47:09","guid":{"rendered":"https:\/\/parklight.com.tr\/?post_type=product&#038;p=6050"},"modified":"2026-02-18T23:50:01","modified_gmt":"2026-02-18T23:50:01","slug":"dorado-sf-op","status":"publish","type":"product","link":"https:\/\/parklight.com.tr\/?product=dorado-sf-op","title":{"rendered":"Dorado \/ SF &#8211; OP"},"content":{"rendered":"<table>\n<thead>\n<tr>\n<th>Order Code<\/th>\n<th>Input Voltage<\/th>\n<th>Power<\/th>\n<th>CCT<\/th>\n<th>CRI<\/th>\n<th>Light Output<\/th>\n<th>Dimension<\/th>\n<th>Weight<\/th>\n<\/tr>\n<\/thead>\n<tbody>\n<tr>\n<td>PGD-160-S\u00dc-12-NW<\/td>\n<td>220-240V AC<\/td>\n<td>12W<\/td>\n<td>4000K<\/td>\n<td>Ra&gt;80<\/td>\n<td>\u2014<\/td>\n<td>200&#215;210<\/td>\n<td>1000 gr<\/td>\n<\/tr>\n<tr>\n<td>PGD-160-S\u00dc-18-NW<\/td>\n<td>220-240V AC<\/td>\n<td>18W<\/td>\n<td>4000K<\/td>\n<td>Ra&gt;80<\/td>\n<td>\u2014<\/td>\n<td>200&#215;210<\/td>\n<td>1000 gr<\/td>\n<\/tr>\n<tr>\n<td>PGD-160-S\u00dc-22-NW<\/td>\n<td>220-240V AC<\/td>\n<td>22W<\/td>\n<td>4000K<\/td>\n<td>Ra&gt;80<\/td>\n<td>\u2014<\/td>\n<td>200&#215;210<\/td>\n<td>1000 gr<\/td>\n<\/tr>\n<tr>\n<td>PGD-160-S\u00dc-24-NW<\/td>\n<td>220-240V AC<\/td>\n<td>24W<\/td>\n<td>4000K<\/td>\n<td>Ra&gt;80<\/td>\n<td>\u2014<\/td>\n<td>200&#215;210<\/td>\n<td>1000 gr<\/td>\n<\/tr>\n<\/tbody>\n<\/table>\n","protected":false},"excerpt":{"rendered":"<div class=\"flex flex-col text-sm pb-25\">\n<article class=\"text-token-text-primary w-full focus:outline-none [--shadow-height:45px] has-data-writing-block:pointer-events-none has-data-writing-block:-mt-(--shadow-height) has-data-writing-block:pt-(--shadow-height) [&amp;:has([data-writing-block])&gt;*]:pointer-events-auto [content-visibility:auto] supports-[content-visibility:auto]:[contain-intrinsic-size:auto_100lvh] scroll-mt-[calc(var(--header-height)+min(200px,max(70px,20svh)))]\" dir=\"auto\" tabindex=\"-1\" data-turn-id=\"053adab7-a96d-458f-a5d8-86739aa48ef1\" data-testid=\"conversation-turn-8\" data-scroll-anchor=\"true\" data-turn=\"assistant\">\n<div class=\"text-base my-auto mx-auto pb-10 [--thread-content-margin:--spacing(4)] @w-sm\/main:[--thread-content-margin:--spacing(6)] @w-lg\/main:[--thread-content-margin:--spacing(16)] px-(--thread-content-margin)\">\n<div class=\"[--thread-content-max-width:40rem] @w-lg\/main:[--thread-content-max-width:48rem] mx-auto max-w-(--thread-content-max-width) flex-1 group\/turn-messages focus-visible:outline-hidden relative flex w-full min-w-0 flex-col agent-turn\" tabindex=\"-1\">\n<div class=\"flex max-w-full flex-col grow\">\n<div class=\"min-h-8 text-message relative flex w-full flex-col items-end gap-2 text-start break-words whitespace-normal [.text-message+&amp;]:mt-1\" dir=\"auto\" data-message-author-role=\"assistant\" data-message-id=\"053adab7-a96d-458f-a5d8-86739aa48ef1\" data-message-model-slug=\"gpt-5-2\">\n<div class=\"flex w-full flex-col gap-1 empty:hidden first:pt-[1px]\">\n<div class=\"markdown prose dark:prose-invert w-full wrap-break-word dark markdown-new-styling\">\n<p data-start=\"0\" data-end=\"20\">\u00d6zellikler:<\/p>\n<p data-start=\"22\" data-end=\"220\">S\u0131vama y\u00f6ntemi ile al\u00fcminyumdan imal edilmi\u015ftir, dekoratif g\u00f6vdeli, al\u00fcminyum so\u011futuculu<br data-start=\"110\" data-end=\"113\" \/>Opal kapakl\u0131 backlight ayd\u0131nlatmal\u0131 dairesel g\u00f6vdeli s\u0131va \u00fcst\u00fc armat\u00fcr<br data-start=\"183\" data-end=\"186\" data-is-only-node=\"\" \/>\u00c7al\u0131\u015fma s\u0131cakl\u0131\u011f\u0131 -20\u00b0C . . 45\u00b0C<\/p>\n<p data-start=\"22\" data-end=\"220\">Features:<\/p>\n<p data-start=\"222\" data-end=\"419\" data-is-last-node=\"\" data-is-only-node=\"\">Made of aluminum by spinning method, decorative body, aluminum cooler<br data-start=\"291\" data-end=\"294\" \/>Surface mounted luminaire with circular body with backlight illumination with opal cover<br data-start=\"382\" data-end=\"385\" data-is-only-node=\"\" \/>Ambiant temperature -20\u00b0C . . 45\u00b0C<\/p>\n<\/div>\n<\/div>\n<\/div>\n<\/div>\n<div class=\"z-0 flex min-h-[46px] justify-start\"><\/div>\n<\/div>\n<\/div>\n<\/article>\n<\/div>\n<div class=\"pointer-events-none h-px w-px absolute bottom-0\" aria-hidden=\"true\" data-edge=\"true\"><\/div>\n","protected":false},"featured_media":6052,"template":"","meta":{"advanced_seo_description":"","jetpack_seo_html_title":"","jetpack_seo_noindex":false},"product_brand":[],"product_cat":[39,54],"product_tag":[],"class_list":{"0":"post-6050","1":"product","2":"type-product","3":"status-publish","4":"has-post-thumbnail","6":"product_cat-mimari-armaturleri","7":"product_cat-siva-ustu-spotlar","9":"first","10":"instock","11":"shipping-taxable","12":"product-type-simple"},"jetpack_sharing_enabled":true,"_links":{"self":[{"href":"https:\/\/parklight.com.tr\/index.php?rest_route=\/wp\/v2\/product\/6050","targetHints":{"allow":["GET"]}}],"collection":[{"href":"https:\/\/parklight.com.tr\/index.php?rest_route=\/wp\/v2\/product"}],"about":[{"href":"https:\/\/parklight.com.tr\/index.php?rest_route=\/wp\/v2\/types\/product"}],"wp:featuredmedia":[{"embeddable":true,"href":"https:\/\/parklight.com.tr\/index.php?rest_route=\/wp\/v2\/media\/6052"}],"wp:attachment":[{"href":"https:\/\/parklight.com.tr\/index.php?rest_route=%2Fwp%2Fv2%2Fmedia&parent=6050"}],"wp:term":[{"taxonomy":"product_brand","embeddable":true,"href":"https:\/\/parklight.com.tr\/index.php?rest_route=%2Fwp%2Fv2%2Fproduct_brand&post=6050"},{"taxonomy":"product_cat","embeddable":true,"href":"https:\/\/parklight.com.tr\/index.php?rest_route=%2Fwp%2Fv2%2Fproduct_cat&post=6050"},{"taxonomy":"product_tag","embeddable":true,"href":"https:\/\/parklight.com.tr\/index.php?rest_route=%2Fwp%2Fv2%2Fproduct_tag&post=6050"}],"curies":[{"name":"wp","href":"https:\/\/api.w.org\/{rel}","templated":true}]}}