{"id":6233,"date":"2026-03-26T07:52:06","date_gmt":"2026-03-26T07:52:06","guid":{"rendered":"https:\/\/parklight.com.tr\/?post_type=product&#038;p=6233"},"modified":"2026-03-26T07:52:06","modified_gmt":"2026-03-26T07:52:06","slug":"havana-s","status":"publish","type":"product","link":"https:\/\/parklight.com.tr\/?product=havana-s","title":{"rendered":"HAVANA S"},"content":{"rendered":"","protected":false},"excerpt":{"rendered":"<p data-start=\"181\" data-end=\"208\"><strong data-start=\"181\" data-end=\"208\">\u00dcR\u00dcN TEKN\u0130K \u00d6ZELL\u0130KLER\u0130<\/strong><\/p>\n<ul data-start=\"210\" data-end=\"670\">\n<li data-start=\"210\" data-end=\"249\">G\u00f6vde Yap\u0131s\u0131: ABS g\u00f6vde, opal kapak<\/li>\n<li data-start=\"250\" data-end=\"303\">\u00c7al\u0131\u015fma Modlar\u0131: S\u00fcrekli, acil ve kombine \u00e7al\u0131\u015fma<\/li>\n<li data-start=\"304\" data-end=\"343\">Montaj Tipi: S\u0131va\u00fcst\u00fc tavana montaj<\/li>\n<li data-start=\"344\" data-end=\"399\">G\u00f6vde Rengi: RAL9016 beyaz elektrostatik toz boyal\u0131<\/li>\n<li data-start=\"400\" data-end=\"447\">Pil Teknolojisi: Nickel Cadmium (Ni-Cd) pil<\/li>\n<li data-start=\"448\" data-end=\"488\">Ayd\u0131nlatma Sistemi: 18 LED\u2019li sistem<\/li>\n<li data-start=\"489\" data-end=\"563\">Acil Durum Performans\u0131: Elektrik kesintisinde 1 veya 3 saat ayd\u0131nlatma<\/li>\n<li data-start=\"564\" data-end=\"609\">Montaj: T\u00fcm aksesuarlar ile kolay kurulum<\/li>\n<li data-start=\"610\" data-end=\"670\">Etiketleme: Standart \u015fekillerde serigrafi bask\u0131l\u0131 etiket<\/li>\n<\/ul>\n<p data-start=\"672\" data-end=\"703\"><strong data-start=\"672\" data-end=\"703\">STANDARTLAR VE SERT\u0130F\u0130KALAR<\/strong><\/p>\n<ul data-start=\"705\" data-end=\"737\">\n<li data-start=\"705\" data-end=\"722\">EN 60598-2-22<\/li>\n<li data-start=\"723\" data-end=\"729\">CE<\/li>\n<li data-start=\"730\" data-end=\"737\">EAC<\/li>\n<\/ul>\n","protected":false},"featured_media":6235,"template":"","meta":{"advanced_seo_description":"","jetpack_seo_html_title":"","jetpack_seo_noindex":false},"product_brand":[],"product_cat":[61,41],"product_tag":[],"class_list":{"0":"post-6233","1":"product","2":"type-product","3":"status-publish","4":"has-post-thumbnail","6":"product_cat-acil-aydinlatma-acil-aydinlatma","7":"product_cat-acil-aydinlatma","9":"first","10":"instock","11":"shipping-taxable","12":"product-type-simple"},"jetpack_sharing_enabled":true,"_links":{"self":[{"href":"https:\/\/parklight.com.tr\/index.php?rest_route=\/wp\/v2\/product\/6233","targetHints":{"allow":["GET"]}}],"collection":[{"href":"https:\/\/parklight.com.tr\/index.php?rest_route=\/wp\/v2\/product"}],"about":[{"href":"https:\/\/parklight.com.tr\/index.php?rest_route=\/wp\/v2\/types\/product"}],"wp:featuredmedia":[{"embeddable":true,"href":"https:\/\/parklight.com.tr\/index.php?rest_route=\/wp\/v2\/media\/6235"}],"wp:attachment":[{"href":"https:\/\/parklight.com.tr\/index.php?rest_route=%2Fwp%2Fv2%2Fmedia&parent=6233"}],"wp:term":[{"taxonomy":"product_brand","embeddable":true,"href":"https:\/\/parklight.com.tr\/index.php?rest_route=%2Fwp%2Fv2%2Fproduct_brand&post=6233"},{"taxonomy":"product_cat","embeddable":true,"href":"https:\/\/parklight.com.tr\/index.php?rest_route=%2Fwp%2Fv2%2Fproduct_cat&post=6233"},{"taxonomy":"product_tag","embeddable":true,"href":"https:\/\/parklight.com.tr\/index.php?rest_route=%2Fwp%2Fv2%2Fproduct_tag&post=6233"}],"curies":[{"name":"wp","href":"https:\/\/api.w.org\/{rel}","templated":true}]}}