{"id":6236,"date":"2026-03-26T08:04:04","date_gmt":"2026-03-26T08:04:04","guid":{"rendered":"https:\/\/parklight.com.tr\/?post_type=product&#038;p=6236"},"modified":"2026-03-26T08:11:09","modified_gmt":"2026-03-26T08:11:09","slug":"gine-cso","status":"publish","type":"product","link":"https:\/\/parklight.com.tr\/?product=gine-cso","title":{"rendered":"GINE CSO"},"content":{"rendered":"","protected":false},"excerpt":{"rendered":"<p data-start=\"153\" data-end=\"180\"><strong data-start=\"153\" data-end=\"180\">\u00dcR\u00dcN TEKN\u0130K \u00d6ZELL\u0130KLER\u0130<\/strong><\/p>\n<ul data-start=\"182\" data-end=\"689\">\n<li data-start=\"182\" data-end=\"235\">Standart: EN 1838\u2019e uygun acil durum ayd\u0131nlatmas\u0131<\/li>\n<li data-start=\"236\" data-end=\"288\">G\u00f6vde Yap\u0131s\u0131: UV dayan\u0131ml\u0131 termoplastik PC g\u00f6vde<\/li>\n<li data-start=\"289\" data-end=\"334\">Montaj Tipi: S\u0131va\u00fcst\u00fc tavana kolay montaj<\/li>\n<li data-start=\"335\" data-end=\"408\">Kullan\u0131m Alan\u0131: 2.5 \u2013 8 m tavan y\u00fcksekli\u011fine sahip alanlar i\u00e7in uygun<\/li>\n<li data-start=\"409\" data-end=\"454\">Pil Teknolojisi: Lithium-Ion (Li-Ion) pil<\/li>\n<li data-start=\"455\" data-end=\"530\">Ayd\u0131nlatma:\n<ul data-start=\"473\" data-end=\"530\">\n<li data-start=\"473\" data-end=\"502\">Y\u00fcksek CRI de\u011ferine sahip<\/li>\n<li data-start=\"505\" data-end=\"530\">240 lm LED ayd\u0131nlatma<\/li>\n<\/ul>\n<\/li>\n<li data-start=\"531\" data-end=\"598\">Acil Durum Performans\u0131: Elektrik kesintisinde 3 saat ayd\u0131nlatma<\/li>\n<li data-start=\"599\" data-end=\"658\">Otomasyon: Opsiyonel DALI uyumlu otomasyon entegrasyonu<\/li>\n<li data-start=\"659\" data-end=\"689\">G\u00f6vde Rengi: RAL9016 beyaz<\/li>\n<\/ul>\n<p data-start=\"691\" data-end=\"722\"><strong data-start=\"691\" data-end=\"722\">STANDARTLAR VE SERT\u0130F\u0130KALAR<\/strong><\/p>\n<ul data-start=\"724\" data-end=\"835\">\n<li data-start=\"724\" data-end=\"738\">EN 60598-1<\/li>\n<li data-start=\"739\" data-end=\"756\">EN 60598-2-22<\/li>\n<li data-start=\"757\" data-end=\"773\">EN 61347-2-7<\/li>\n<li data-start=\"774\" data-end=\"788\">EN 61347-1<\/li>\n<li data-start=\"790\" data-end=\"797\">T\u00dcV<\/li>\n<li data-start=\"798\" data-end=\"804\">CE<\/li>\n<li data-start=\"805\" data-end=\"812\">EAC<\/li>\n<li data-start=\"813\" data-end=\"835\">Yang\u0131n sertifikal\u0131<\/li>\n<\/ul>\n","protected":false},"featured_media":6241,"template":"","meta":{"advanced_seo_description":"","jetpack_seo_html_title":"","jetpack_seo_noindex":false},"product_brand":[],"product_cat":[61,41],"product_tag":[],"class_list":{"0":"post-6236","1":"product","2":"type-product","3":"status-publish","4":"has-post-thumbnail","6":"product_cat-acil-aydinlatma-acil-aydinlatma","7":"product_cat-acil-aydinlatma","9":"first","10":"instock","11":"shipping-taxable","12":"product-type-simple"},"jetpack_sharing_enabled":true,"_links":{"self":[{"href":"https:\/\/parklight.com.tr\/index.php?rest_route=\/wp\/v2\/product\/6236","targetHints":{"allow":["GET"]}}],"collection":[{"href":"https:\/\/parklight.com.tr\/index.php?rest_route=\/wp\/v2\/product"}],"about":[{"href":"https:\/\/parklight.com.tr\/index.php?rest_route=\/wp\/v2\/types\/product"}],"wp:featuredmedia":[{"embeddable":true,"href":"https:\/\/parklight.com.tr\/index.php?rest_route=\/wp\/v2\/media\/6241"}],"wp:attachment":[{"href":"https:\/\/parklight.com.tr\/index.php?rest_route=%2Fwp%2Fv2%2Fmedia&parent=6236"}],"wp:term":[{"taxonomy":"product_brand","embeddable":true,"href":"https:\/\/parklight.com.tr\/index.php?rest_route=%2Fwp%2Fv2%2Fproduct_brand&post=6236"},{"taxonomy":"product_cat","embeddable":true,"href":"https:\/\/parklight.com.tr\/index.php?rest_route=%2Fwp%2Fv2%2Fproduct_cat&post=6236"},{"taxonomy":"product_tag","embeddable":true,"href":"https:\/\/parklight.com.tr\/index.php?rest_route=%2Fwp%2Fv2%2Fproduct_tag&post=6236"}],"curies":[{"name":"wp","href":"https:\/\/api.w.org\/{rel}","templated":true}]}}